at is -3 (base 15) in base 8?
-3
What is 20 (base 6) in base 2?
1100
What is -52 (base 7) in base 8?
-45
-85 (base 16) to base 5
-1013
201 (base 5) to base 4
303
What is -4 (base 8) in base 11?
-4
Convert -4 (base 8) to base 12.
-4
What is 25 (base 12) in base 4?
131
What is 423 (base 7) in base 16?
d5
Convert -1212 (base 3) to base 14.
-38
Convert -11 (base 5) to base 3.
-20
What is -101010101 (base 2) in base 5?
-2331
-1 (base 16) to base 10
-1
What is -64 (base 10) in base 11?
-59
What is -13 (base 5) in base 14?
-8
What is -2201 (base 3) in base 15?
-4d
Convert -7 (base 16) to base 9.
-7
Convert -76 (base 11) to base 2.
-1010011
5 (base 16) to base 13
5
What is 1010 (base 2) in base 6?
14
Convert 14 (base 8) to base 12.
10
1012 (base 3) to base 4
200
What is 300 (base 4) in base 6?
120
What is 5 (base 11) in base 15?
5
442 (base 7) to base 4
3202
23 (base 10) to base 4
113
What is -6 (base 9) in base 14?
-6
-a (base 12) to base 15
-a
What is 165 (base 7) in base 5?
341
Convert 100 (base 2) to base 15.
4
Convert 2 (base 10) to base 11.
2
What is -1 (base 3) in base 16?
-1
22 (base 11) to base 7
33
What is 136 (base 11) in base 5?
1120
What is -6 (base 8) in base 3?
-20
9a (base 11) to base 7
214
Convert -108 (base 10) to base 11.
-99
71 (base 10) to base 11
65
Convert -1100000 (base 2) to base 16.
-60
What is -4 (base 14) in base 7?
-4
What is -a (base 15) in base 9?
-11
Convert -2 (base 3) to base 9.
-2
-23 (base 16) to base 15
-25
Convert -127 (base 12) to base 2.
-10101111
What is 3 (base 9) in base 4?
3
Convert -322 (base 4) to base 11.
-53
What is 2 (base 12) in base 9?
2
-3 (base 4) to base 7
-3
What is 111 (base 7) in base 2?
111001
What is 66 (base 10) in base 9?
73
-220 (base 3) to base 5
-44
-12 (base 9) to base 11
-10
3 (base 12) to base 7
3
Convert 21 (base 5) to base 4.
23
101 (base 2) to base 8
5
Convert -13 (base 8) to base 12.
-b
-30 (base 10) to base 11
-28
-3 (base 15) to base 9
-3
What is 1 (base 11) in base 5?
1
Convert -100 (base 2) to base 9.
-4
-6 (base 16) to base 5
-11
Convert -120 (base 3) to base 2.
-1111
-10 (base 2) to base 7
-2
What is -544 (base 6) in base 16?
-d0
Convert 7 (base 10) to base 4.
13
-48 (base 9) to base 2
-101100
What is 11110 (base 2) in base 9?
33
a (base 12) to base 4
22
4 (base 9) to base 11
4
Convert 1 (base 11) to base 3.
1
Convert 3 (base 9) to base 10.
3
Convert 1 (base 7) to base 12.
1
-72 (base 8) to base 7
-112
Convert -b (base 16) to base 6.
-15
Convert -155 (base 7) to base 5.
-324
-52 (base 15) to base 7
-140
2 (base 7) to base 8
2
-10 (base 10) to base 12
-a
What is 3 (base 13) in base 9?
3
What is 5 (base 16) in base 3?
12
Convert -110 (base 6) to base 13.
-33
Convert -1521 (base 6) to base 3.
-120011
Convert 10 (base 4) to base 2.
100
Convert 122 (base 5) to base 13.
2b
What is -1 (base 8) in base 2?
-1
What is -1 (base 6) in base 9?
-1
What is -13 (base 9) in base 8?
-14
-57 (base 10) to base 13
-45
What is -10010 (base 3) in base 15?
-59
Convert -d (base 16) to base 12.
-11
Convert 2d (base 16) to base 4.
231
Convert 1000000 (base 2) to base 12.
54
What is -1 (base 16) in base 11?
-1
Convert 10 (base 3) to base 11.
3
Convert 0 (base 4) to base 11.
0
What is -30 (base 10) in base 4?
-132
b3 (base 12) to base 11
113
2110 (base 3) to base 8
102
Convert -1a (base 12) to base 3.
-211
What is 1 (base 9) in base 14?
1
Convert 0 (base 14) to base 6.
0
What is -11d (base 15) in base 10?
-253
Convert -262 (base 10) to base 13.
-172
Convert -49 (base 14) to base 13.
-50
Convert 4 (base 13) to base 2.
100
28 (base 12) to base 10
32
What is 10110 (base 2) in base 3?
211
Convert -4e (base 15) to base 16.
-4a
Convert 20 (base 12) to base 10.
24
What is -1 (base 11) in base 13?
-1
What is 1 (base 7) in base 15?
1
Convert 3 (base 12) to base 8.
3
Convert 10 (base 16) to base 3.
121
-8 (base 11) to base 9
-8
11 (base 12) to base 2
1101
Convert -11 (base 5) to base 16.
-6
-18 (base 10) to base 15
-13
Convert 163 (base 9) to base 5.
1023
-4 (base 7) to base 8
-4
Convert -2 (base 14) to base 9.
-2
Convert 7 (base 11) to base 4.
13
What is -a2 (base 15) in base 13?
-b9
Convert -3 (base 6) to base 15.
-3
Convert 0 (base 13) to base 3.
0
Convert 1 (base 8) to base 13.
1
c (base 15) to base 3
110
What is -18 (base 9) in base 8?
-21
67 (base 13) to base 5
320
Convert 10 (base 3) to base 12.
3
2 (base 14) to base 9
2
What is -1 (base 9) in base 15?
-1
Convert a (base 11) to base 16.
a
What is -36 (base 13) in base 8?
-55
-94 (base 15) to base 14
-9d
What is 20010 (base 3) in base 11?
140
What is -21 (base 3) in base 7?
-10
-27 (base 15) to base 7
-52
What is 21 (base 8) in base 3?
122
-11 (base 4) to base 7
-5
Convert -30 (base 4) to base 5.
-22
-10 (base 15) to base 2
-1111
What is 16 (base 10) in base 7?
22
-134 (base 5) to base 2
-101100
153 (base 6) to base 11
63
4 (base 8) to base 4
10
What is 1 (base 8) in base 10?
1
Convert -4 (base 6) to base 12.
-4
-15 (base 10) to base 3
-120
What is bd (base 15) in base 3?
20121
What is 3 (base 5) in base 3?
10
Convert -29 (base 10) to base 7.
-41
1202 (base 3) to base 15
32
-47 (base 12) to base 11
-50
-223 (base 8) to base 11
-124
What is 7 (base 8) in base 12?
7
Convert 1 (base 5) to base 11.
1
1 (base 9) to base 14
1
Convert 5 (base 11) to base 6.
5
Convert 102 (base 4) to base 14.
14
-305 (base 8) to base 2
-11000101
28 (base 14) to base 6
100
-1010011 (base 2) to base 15
-58
0 (base 7) to base 15
0
What is 10 (base 10) in base 5?
20
Convert 3 (base 10) to base 14.
3
What is 0 (base 8) in base 11?
0
Convert -1 (base 12) to base 13.
-1
Convert 12 (base 4) to base 12.
6
0 (base 8) to base 5
0
Convert 3 (base 11) to base 5.
3
-d1 (base 16) to base 5
-1314
Convert 9 (base 10) to base 5.
14
What is 2 (base 8) in base 11?
2
Convert 16 (base 10) to base 12.
14
Convert 22 (base 9) to base 5.
40
-110 (base 2) to base 10
-6
-12102 (base 3) to base 14
-a6
What is 27 (base 13) in base 12?
29
Convert 111 (base 3) to base 12.
11
What is -143 (base 9) in base 15?
-80
-130 (base 4) to base 11
-26
Convert -25 (base 14) to base 16.
-21
Convert -13 (base 10) to base 2.
-1101
Convert -67 (base 10) to base 7.
-124
Convert -89 (base 14) to base 16.
-79
Convert 6 (base 16) to base 11.
6
-4 (base 10) to base 5
-4
Convert 30 (base 8) to base 9.
26
-8 (base 10) to base 13
-8
-2 (base 3) to base 12
-2
Convert -36 (base 7) to base 10.
-27
-10101011 (base 2) to base 4
-2223
What is 1 (base 9) in base 16?
1
What is -20 (base 4) in base 10?
-8
What is -2 (base 4) in base 12?
-2
-14 (base 14) to base 5
-33
Convert 42 (base 11) to base 12.
3a
Convert -61 (base 14) to base 13.
-67
Convert 2b (base 12) to base 7.
50
-3 (base 8) to base 4
-3
Convert -101221 (base 3) to base 8.
-447
Convert -124 (base 5) to base 15.
-29
What is 0 (base 4) in base 7?
0
What is 16 (base 7) in base 16?
d
What is 3 (base 15) in base 5?
3
Convert -5 (base 12) to base 11.
-5
What is 0 (base 2) in base 16?
0
Convert 13 (base 15) to base 8.
22
What is -5 (base 13) in base 12?
-5
-204 (base 5) to base 16
-36
Convert 42 (base 12) to base 2.
110010
What is 1 (base 6) in base 2?
1
Convert 5 (base 14) to base 12.
5
Convert 2110 (base 3) to base 12.
56
6f (base 16) to base 6
303
What is -111 (base 5) in base 13?
-25
Convert 6 (base 14) to base 8.
6
Convert 3 (base 16) to base 15.
3
b (base 15) to base 9
12
Convert 22 (base 8) to base 10.
18
-422 (base 9) to base 6
-1332
Convert e (base 15) to base 11.
13
Convert 2 (base 7) to base 13.
2
-13 (base 14) to base 4
-101
What is -1502 (base 6) in base 2?
-110001110
15 (base 15) to base 3
202
What is 32 (base 4) in base 3?
112
What is 2 (base 11) in base 4?
2
Convert -14 (base 9) to base 12.
-11
Convert -11 (base 6) to base 7.
-10
What is 8d (base 14) in base 16?
7d
0 (base 2) to base 9
0
58 (base 9) to base 16
35
What is -24 (base 9) in base 5?
-42
-1001011 (base 2) to base 5
-300
What is -3 (base 4) in base 8?
-3
What is -18 (base 14) in base 13?
-19
Convert 1 (base 15) to base 13.
1
Convert -4 (base 13) to base 14.
-4
What is 57 (base 12) in base 10?
67
194 (base 10) to base 2
11000010
39 (base 16) to base 5
212
What is -2 (base 3) in base 5?
-2
5 (base 7) to base 14
5
15 (base 12) to base 3
122
What is 144 (base 6) in base 2?
1000000
What is 30 (base 6) in base 9?
20
C